
10
Let f(g) = -289951*g**2 + 144979*g**2 - 37 + 144974*g**2. Calculate f(7).
61
Let k(j) = 3963 + 2*j - 6*j - 3966 + 3*j - 3*j**2 + 4*j**2. Determine k(-2).
3
Let b(d) = 2*d**2 + d + 2. Suppose -120*g + 41 = -119*g + 47. What is b(g)?
68
Let o(g) = 105*g + 10 - 92*g - 4*g**2 - 16 + 7. What is o(2)?
11
Let q(m) = m**2 + 4*m + 1. Let z(d) = d**2 + 3*d - 18. Let k be z(3). Let a be ((-9)/(-12))/(k - (-1)/(-4)). Determine q(a).
-2
Let i(v) = 25*v**2 - 176*v + 794. Let h(x) = -3*x**2 + 22*x - 100. Let j(q) = -17*h(q) - 2*i(q). Determine j(10).
-8
Let z(i) = -95*i - 4. Let r(b) = 2*b**2 + 94*b + 3. Let u(w) = -5*r(w) - 6*z(w). What is u(10)?
9
Suppose -6*d - 14 + 90 + 38 = 0. Let k(g) = g**3 - 18*g**2 - 16*g - 46. Determine k(d).
11
Let z(y) = 31*y**2 + 8*y - 34. Let s(l) = 37*l**2 + 7*l - 35. Let w(t) = -4*s(t) + 5*z(t). Determine w(2).
22
Let z(g) = g**2 - 9*g + 4. Let s be 26/6 - ((-68)/12 + 9 + -3). Calculate z(s).
-16
Let u(s) = 9*s - 28 + 2292*s**2 - 15 + 6*s - 2293*s**2 + 4*s. What is u(16)?
5
Let v(r) = 98 - 221 + 80 + 23*r - 19*r**2 + r**3. Determine v(18).
47
Let w(c) = 31*c - 266. Let p(a) = 64*a - 463. Let d(g) = 4*p(g) - 7*w(g). Give d(0).
10
Let m(k) be the first derivative of k**4/4 - 7*k**3/3 - 17*k**2/2 + 12*k + 2140. Calculate m(8).
-60
Let b(z) = 2*z - 36 + 25*z - 6*z + 36. Let y = 12 + -8. Suppose y*j - 3 = 3*t + 12, -5*t - 14 = -3*j. What is b(t)?
-21
Let l(a) = 19*a**2 - 91*a + 6. Let n be l(7). Let b = -303 + n. Let d(t) be the second derivative of t**3/6 + 5*t**2/2 - t. Determine d(b).
2
Let d(w) = 5*w**2 - 30*w - 11. Let n be d(6). Let f(i) = -2*i**2 - 18*i + 46. What is f(n)?
2
Let r(y) be the third derivative of y**4/12 + y**3 - 6*y**2. Suppose -21*b - 90 = 78. Give r(b).
-10
Let j(o) be the third derivative of -o**6/720 + o**5/60 - 3*o**4/8 - 108*o**2. Let k(g) be the second derivative of j(g). What is k(4)?
-2
Let x(n) = -8 - 4*n + 3*n + 1. Let y be 26/(-65)*105/6. Calculate x(y).
0
Suppose -6*o + 341 = 311. Suppose u + 20 = o*m, 3*m = 2*u - m + 22. Let s(l) = l - 4. Let r(c) = 2*c - 9. Let i(h) = -4*r(h) + 9*s(h). Determine i(u).
-5
Suppose 45*c = 11*c + 442. Suppose -c*y = 3*y + 13*y. Let b(p) be the second derivative of p**5/20 - p**4/12 + 9*p**2/2 - p. Calculate b(y).
9
Let q = -114 - -116. Suppose 0 = -q*v - 2*z + 8, 3*v - 4*z = 11 + 8. Let k(x) = -x**3 + 5*x**2 - 5*x + 6. Determine k(v).
-19
Suppose -96*h = -106*h + 470. Let v(g) = -g**3 - g**2 - h + 10*g**2 - 45 - 11*g + 95. Calculate v(8).
-21
Let x(y) = 1263 - 486 - 537 - 173*y - 420. Give x(-1).
-7
Suppose -9*r = -0*r - 1089. Let w = 126 - r. Let k(u) = -w + 2 + 0*u - u. Give k(-4).
1
Let r(t) = t - 2. Let x(s) = -8*s - 10*s**2 - 77 - 7*s**3 + 6*s**3 - s**2 + 99. Let w be x(-10). What is r(w)?
0
Let r = -13 - -9. Let j be 18/(-12) + (-2)/r. Let y(s) = s**2 - 2*s - 1. What is y(j)?
2
Let r(v) be the second derivative of -v**4/12 + v**3/3 + 29*v**2/2 - 10*v + 146. What is r(13)?
-114
Let o(k) = -k - 10. Suppose -m + 24 = -3*x, x - 28 = -2*m + 3*x. Let z be (6/m)/((-6)/81). What is o(z)?
-1
Let h(k) = 6*k - 46. Suppose t - 4*a - 4 = 0, -13 = 3*t + 3*a - 40. Let l be h(t). Let q(z) = -2*z - z**3 - 2*z**3 + z**2 + 2 + z**3 + 2*z**2. What is q(l)?
-6
Let y(z) be the second derivative of 2/3*z**3 + 0*z**2 + 0 - 1/12*z**4 - 2*z. Suppose -10*u + 168 - 18 = 0, 3*u - 6 = 3*d + 24. Determine y(d).
-5
Suppose 13 = 5*p - 2. Let d(z) = -373*z**2 + 748*z**2 - 4*z - 376*z**2 - 6 - p*z. Let k(v) = -v**2 + v + 1. Let i be k(3). Determine d(i).
4
Let y(z) be the first derivative of z**4/4 - 11*z**3/3 + 19*z**2/2 - 21*z - 5802. Determine y(10).
69
Suppose -2*m + 65 = -3*t, 0 = -5*m - t + 4*t + 158. Suppose 4*n - m = -0*j - 5*j, -2*n + 8 = 0. Let o(f) = -f + 4. Calculate o(j).
1
Let k be (-25)/4 - (-2 - 21/(-12)). Let b(g) = 6*g - 1. Let a(z) = 7*z - 2. Let o(j) = k*b(j) + 5*a(j). Suppose 26 = 6*t + 8. Determine o(t).
-7
Let d(k) be the second derivative of 3*k**3/2 - 30*k**2 - 1696*k. Give d(7).
3
Let z(i) = -i**3 - i**2 + 2*i + 5. Suppose 4*x = 2 - 22. Let c(f) = -2*f**3 - f**2 + 4*f + 11. Let r(b) = x*z(b) + 2*c(b). Let u = 256 - 259. Determine r(u).
3
Let l(m) = 10*m + 37. Let g be (((-30)/(-9))/(-2))/(42/126). Calculate l(g).
-13
Let f be 24/(-2)*(-23)/46. Let o be -9*1*(-8)/36. Let r(a) = -a**2 + o*a + 3*a - 2*a - f*a - 6. Give r(-6).
-24
Let p(a) be the second derivative of a**5/120 + a**4/6 + a**3/2 - 10*a**2 + 7*a + 2. Let w(j) be the second derivative of p(j). Give w(0).
4
Suppose -21 = -k - j, 9*k + 23 = 10*k + 3*j. Suppose 0 = k*z - 25*z - 30. Let a(q) = 0*q + q + 8 - 4. What is a(z)?
-2
Let l(p) = 4 + 0*p**3 + 0*p**3 + 88*p + 2*p**3 - 13*p**2 - 98*p. Give l(7).
-17
Let b(a) = -3*a**3 - 49*a**2 - 13*a + 35. Let l be b(-16). Let n(y) = -y**3 - 12*y**2 + 8*y - 6. Calculate n(l).
59
Suppose -2336*g = -2337*g - w - 1, -4*w = 0. Let m(t) = 35*t**3 + t**2 + 4*t + 2. Determine m(g).
-36
Let z(l) be the third derivative of l**5/30 - l**4/12 - l**3/6 + l**2 - 3. Let y = 35 + -28. Suppose -6*h + 2 = -y*h. Calculate z(h).
11
Let l(n) = -7*n - 56. Suppose -32 = v + 5*j, -144*v + 3*j - 13 = -140*v. Calculate l(v).
-7
Let g(v) = v**2 + 2. Suppose 0*o - o - 1 = -3*p, 15 = 3*o. Suppose 72*l + 65 = 85*l. Let j be (-1 + 16)/l + p. What is g(j)?
27
Let t(j) = 6 + 58*j + 48*j + 0 + 54*j - 161*j - 8*j**2. What is t(0)?
6
Let j(a) = -9*a**2 + 8*a + 228. Let s(m) = -11*m**2 + 10*m + 227. Let x(r) = 6*j(r) - 5*s(r). Let i(n) be the first derivative of x(n). Determine i(1).
0
Let x be (-3 - 0)/((-1)/1). Let k(f) = 18035*f - 4*f**2 + 6 - 18037*f - 2 + 3*f**2. Determine k(x).
-11
Suppose -1 = -20*n + 21*n, i - 11 = -n. Let j be 4/18 - 32/(-18). Let d(f) = -110*f**2 - i + 9*f + 109*f**j + f. Calculate d(8).
4
Let q(a) = -a**2 - 2*a - 1. Let b(n) = 6*n**2 + 43*n - 64. Let f(c) = -b(c) - 5*q(c). Give f(-35).
-1
Suppose -793*k + 786*k + 84 = 0. Suppose -45*i = -41*i + k. Let n(o) = o**3 + 5*o**2 + 3*o + 2. What is n(i)?
11
Let v(u) = 2*u + 91. Let q be v(0). Let z = -104 + q. Let d(x) = 2*x + 34. Let m be d(z). Let s(p) = -2*p + 3. Determine s(m).
-13
Let k(i) = -i**2 - 8*i + 86. Let z be k(-14). Let l(d) = 130*d**2 + d + 125*d**z - 363*d**2 + 121*d**2. Determine l(-1).
12
Let f be ((-6)/16)/(8460/(-288) + 29). Let y(v) = -80*v**2 - 3*v + 2. What is y(f)?
-81
Suppose -2*s - u = -312, 3*u - 354 = 4*s - 978. Let r(n) = s - 4*n + 8*n + 4*n**2 - 152 + n**3. Calculate r(-3).
1
Let s(o) be the third derivative of 7/6*o**3 - 1/8*o**4 - 24*o**2 + 0 + 0*o. Calculate s(7).
-14
Let q(v) be the second derivative of 22*v + 0 + 0*v**2 + 4*v**3 - 1/60*v**5 - 1/3*v**4. Let k(i) be the second derivative of q(i). Determine k(-7).
6
Let z(h) be the first derivative of -6*h**3 - h**2 - h + 2671. Calculate z(2).
-77
Let p(l) = -2*l**2 + 4*l + 1. Let k = -3 + 61. Let q be (-2)/1 + k + 1. Let o be (-7)/42 + q/18. Determine p(o).
-5
Suppose 7*b = 3*b + 20. Suppose 3*i + 4 = -2*r - 0, -5*r + 2*i = -28. Let o(t) = 2 - t**3 + 0*t + 0*t**3 + r*t**2 + 2*t**2 - 3*t - 2*t. Determine o(b).
2
Suppose 0*d + 12 = 2*d. Let g(l) = -l**2 + d*l**2 + l**3 + 7 + l**2 + 3*l. Suppose w + 14*v + 18 = 17*v, 7*v - 52 = 4*w. Calculate g(w).
-11
Let k(z) = 2*z**3 - 4*z**2 + 2*z + 2. Suppose -34 + 10 = -6*a. Suppose -4*i + 2*f + 12 = 0, i - 2*i - 3*f = a. Calculate k(i).
6
Let q(p) = p - 1. Let l(c) = -25*c + 15. Let v(k) = -l(k) - 20*q(k). Suppose 1348*a - 14 = 1350*a. Calculate v(a).
-30
Let m = 6 + -3. Suppose 0 = -4*j - m + 11. Let s(h) = 65*h**j - 2*h - 3 + 2 - 74*h**2. Determine s(-1).
-8
Let l(d) = d - 31. Let y(j) = 15. Suppose 4*m + 14 = 2*o, -5*m + 0*m = -2*o + 19. Let r(s) = m*y(s) - 2*l(s). Calculate r(-6).
-1
Let f(o) = -o. Suppose g + 16 = -x + 12, 12 = 3*x - 3*g. Give f(x).
0
Let h be 1/(5/10) - -6. Suppose h*m - 96 = 7*m. Let l(a) = 32*a + 32*a - 10 - m*a + 31*a. Give l(0).
-10
Let m(w) = 3092*w + 5*w**2 - 7 - 6 - 4*w**2 - 3096*w. Let t be ((-2)/(-2))/(3/21). Give m(t).
8
Suppose 4*s = -3*h - 18 + 80, 76 = 4*s - 4*h. Let f(p) = -s + 14 + p - 4*p. Determine f(-4).
9
Let w(g) = -g**3 - 54*g**2 - 203*g - 16. Let h be w(-4). Let z(s) = s**2 + 19*s + 51. Calculate z(h).
-9
Let o(k) = -3 - 289084*k + 578139*k + k**2 - 289078*k. What is o(21)?
-45
Let m = 823 - 820. Let t(x) = 14 - 5*x**3 + 17*x**2 + 0*x**m - 17*x + 2*x**3 + 2*x**3. G